1 is divided by 62?
29
Calculate the remainder when 1127 is divided by 280.
7
What is the remainder when 571 is divided by 283?
5
What is the remainder when 167 is divided by 159?
8
Calculate the remainder when 106 is divided by 19.
11
Calculate the remainder when 201 is divided by 127.
74
What is the remainder when 647 is divided by 9?
8
Calculate the remainder when 687 is divided by 67.
17
What is the remainder when 261 is divided by 22?
19
Calculate the remainder when 611 is divided by 197.
20
Calculate the remainder when 286 is divided by 48.
46
Calculate the remainder when 574 is divided by 81.
7
What is the remainder when 22 is divided by 14?
8
Calculate the remainder when 600 is divided by 63.
33
What is the remainder when 339 is divided by 6?
3
What is the remainder when 31 is divided by 24?
7
Calculate the remainder when 921 is divided by 37.
33
What is the remainder when 376 is divided by 357?
19
What is the remainder when 64 is divided by 13?
12
What is the remainder when 32 is divided by 11?
10
What is the remainder when 2567 is divided by 1274?
19
Calculate the remainder when 218 is divided by 164.
54
Calculate the remainder when 929 is divided by 72.
65
Calculate the remainder when 153 is divided by 78.
75
Calculate the remainder when 3186 is divided by 55.
51
What is the remainder when 582 is divided by 9?
6
What is the remainder when 61 is divided by 24?
13
What is the remainder when 845 is divided by 57?
47
Calculate the remainder when 46759 is divided by 33.
31
What is the remainder when 1857 is divided by 237?
198
What is the remainder when 1610 is divided by 101?
95
What is the remainder when 1761 is divided by 98?
95
Calculate the remainder when 219 is divided by 44.
43
What is the remainder when 162 is divided by 36?
18
What is the remainder when 461 is divided by 448?
13
What is the remainder when 335 is divided by 96?
47
What is the remainder when 119 is divided by 32?
23
Calculate the remainder when 1262 is divided by 141.
134
What is the remainder when 246 is divided by 63?
57
Calculate the remainder when 4065 is divided by 86.
23
What is the remainder when 2165 is divided by 38?
37
Calculate the remainder when 1181 is divided by 1168.
13
What is the remainder when 90 is divided by 16?
10
Calculate the remainder when 858 is divided by 65.
13
Calculate the remainder when 428 is divided by 86.
84
What is the remainder when 65 is divided by 59?
6
What is the remainder when 496 is divided by 127?
115
Calculate the remainder when 380 is divided by 17.
6
What is the remainder when 4134 is divided by 92?
86
Calculate the remainder when 1231 is divided by 11.
10
What is the remainder when 3440 is divided by 41?
37
Calculate the remainder when 667 is divided by 10.
7
What is the remainder when 1750 is divided by 95?
40
What is the remainder when 44 is divided by 8?
4
Calculate the remainder when 3786 is divided by 18.
6
What is the remainder when 128 is divided by 8?
0
Calculate the remainder when 2760 is divided by 2757.
3
What is the remainder when 83 is divided by 19?
7
What is the remainder when 27 is divided by 21?
6
Calculate the remainder when 257 is divided by 128.
1
Calculate the remainder when 997 is divided by 452.
93
Calculate the remainder when 110 is divided by 57.
53
Calculate the remainder when 2630 is divided by 43.
7
What is the remainder when 600 is divided by 124?
104
Calculate the remainder when 6174 is divided by 193.
191
What is the remainder when 125 is divided by 79?
46
What is the remainder when 141 is divided by 36?
33
What is the remainder when 1533 is divided by 25?
8
What is the remainder when 59 is divided by 35?
24
Calculate the remainder when 1482 is divided by 71.
62
Calculate the remainder when 3671 is divided by 54.
53
What is the remainder when 455 is divided by 38?
37
What is the remainder when 1023 is divided by 208?
191
Calculate the remainder when 147 is divided by 30.
27
Calculate the remainder when 271 is divided by 81.
28
Calculate the remainder when 122 is divided by 54.
14
Calculate the remainder when 142 is divided by 4.
2
Calculate the remainder when 38 is divided by 31.
7
What is the remainder when 1427 is divided by 51?
50
Calculate the remainder when 334 is divided by 89.
67
Calculate the remainder when 6797 is divided by 170.
167
What is the remainder when 29 is divided by 24?
5
Calculate the remainder when 234 is divided by 49.
38
Calculate the remainder when 1948 is divided by 26.
24
What is the remainder when 746 is divided by 247?
5
What is the remainder when 907 is divided by 58?
37
Calculate the remainder when 381 is divided by 32.
29
Calculate the remainder when 158 is divided by 30.
8
What is the remainder when 170 is divided by 26?
14
Calculate the remainder when 43 is divided by 22.
21
Calculate the remainder when 87 is divided by 4.
3
What is the remainder when 1727 is divided by 19?
17
What is the remainder when 598 is divided by 196?
10
Calculate the remainder when 6896 is divided by 12.
8
Calculate the remainder when 433 is divided by 110.
103
What is the remainder when 310 is divided by 45?
40
What is the remainder when 17537 is divided by 474?
473
Calculate the remainder when 74 is divided by 16.
10
Calculate the remainder when 446 is divided by 14.
12
What is the remainder when 77 is divided by 39?
38
What is the remainder when 1220 is divided by 34?
30
What is the remainder when 349 is divided by 25?
24
What is the remainder when 1633 is divided by 56?
9
Calculate the remainder when 218 is divided by 49.
22
What is the remainder when 229 is divided by 37?
7
What is the remainder when 3000 is divided by 31?
24
What is the remainder when 592 is divided by 229?
134
Calculate the remainder when 89 is divided by 14.
5
What is the remainder when 287 is divided by 4?
3
What is the remainder when 6537 is divided by 14?
13
What is the remainder when 7493 is divided by 40?
13
What is the remainder when 106 is divided by 31?
13
What is the remainder when 1670 is divided by 4?
2
What is the remainder when 4858 is divided by 3?
1
What is the remainder when 180 is divided by 21?
12
Calculate the remainder when 461 is divided by 218.
25
Calculate the remainder when 492 is divided by 13.
11
What is the remainder when 699 is divided by 39?
36
What is the remainder when 437 is divided by 156?
125
What is the remainder when 371 is divided by 93?
92
Calculate the remainder when 471 is divided by 29.
7
Calculate the remainder when 1032 is divided by 326.
54
Calculate the remainder when 3210 is divided by 1063.
21
Calculate the remainder when 95 is divided by 9.
5
Calculate the remainder when 424 is divided by 61.
58
Calculate the remainder when 858 is divided by 18.
12
Calculate the remainder when 2733 is divided by 33.
27
Calculate the remainder when 915 is divided by 27.
24
Calculate the remainder when 1117 is divided by 80.
77
What is the remainder when 1209 is divided by 101?
98
Calculate the remainder when 226 is divided by 86.
54
Calculate the remainder when 908 is divided by 302.
2
Calculate the remainder when 4844 is divided by 57.
56
Calculate the remainder when 1017 is divided by 201.
12
Calculate the remainder when 174 is divided by 25.
24
Calculate the remainder when 1404 is divided by 37.
35
Calculate the remainder when 761 is divided by 58.
7
Calculate the remainder when 407 is divided by 82.
79
What is the remainder when 1025 is divided by 21?
17
What is the remainder when 167 is divided by 157?
10
What is the remainder when 88 is divided by 16?
8
Calculate the remainder when 71 is divided by 11.
5
Calculate the remainder when 1102 is divided by 21.
10
What is the remainder when 3162 is divided by 32?
26
What is the remainder when 102 is divided by 37?
28
What is the remainder when 83 is divided by 44?
39
What is the remainder when 80 is divided by 51?
29
What is the remainder when 515 is divided by 132?
119
Calculate the remainder when 1616 is divided by 159.
26
Calculate the remainder when 424 is divided by 13.
8
Calculate the remainder when 177 is divided by 64.
49
Calculate the remainder when 1222 is divided by 72.
70
Calculate the remainder when 3759 is divided by 17.
2
Calculate the remainder when 761 is divided by 251.
8
What is the remainder when 872 